{"id":443,"date":"2024-08-29T13:50:21","date_gmt":"2024-08-29T11:50:21","guid":{"rendered":"http:\/\/193.144.50.22\/wordpress\/?page_id=443"},"modified":"2024-11-08T12:22:20","modified_gmt":"2024-11-08T11:22:20","slug":"sistema-de-garantia-interno-de-calidad","status":"publish","type":"page","link":"https:\/\/masterhpc.es\/index.php\/master-hpc\/sistema-de-garantia-interno-de-calidad\/","title":{"rendered":"Sistema de Garant\u00eda Interno de Calidad"},"content":{"rendered":"\t\t<div data-elementor-type=\"wp-page\" data-elementor-id=\"443\" class=\"elementor elementor-443\" data-elementor-post-type=\"page\">\n\t\t\t\t\t\t<section class=\"elementor-section elementor-top-section elementor-element elementor-element-49986c84 elementor-section-height-min-height elementor-section-content-space-evenly elementor-section-items-stretch elementor-section-boxed elementor-section-height-default\" data-id=\"49986c84\" data-element_type=\"section\" data-settings=\"{&quot;background_background&quot;:&quot;classic&quot;}\">\n\t\t\t\t\t\t\t<div class=\"elementor-background-overlay\"><\/div>\n\t\t\t\t\t\t\t<div class=\"elementor-container elementor-column-gap-wide\">\n\t\t\t\t\t<div class=\"elementor-column elementor-col-100 elementor-top-column elementor-element elementor-element-5355e455\" data-id=\"5355e455\" data-element_type=\"column\">\n\t\t\t<div class=\"elementor-widget-wrap elementor-element-populated\">\n\t\t\t\t\t\t<div class=\"elementor-element elementor-element-1e81fae elementor-widget elementor-widget-heading\" data-id=\"1e81fae\" data-element_type=\"widget\" data-widget_type=\"heading.default\">\n\t\t\t\t<div class=\"elementor-widget-container\">\n\t\t\t\t\t<h2 class=\"elementor-heading-title elementor-size-default\">SISTEMA DE GARANT\u00cdA<br>INTERNO DE CALIDAD  <\/h2>\t\t\t\t<\/div>\n\t\t\t\t<\/div>\n\t\t\t\t<div class=\"elementor-element elementor-element-19c8f3c elementor-widget__width-initial elementor-widget elementor-widget-text-editor\" data-id=\"19c8f3c\" data-element_type=\"widget\" data-widget_type=\"text-editor.default\">\n\t\t\t\t<div class=\"elementor-widget-container\">\n\t\t\t\t\t\t\t\t\t<p>El M\u00e1ster en Computaci\u00f3n de Altas Prestaciones (HPC) ha sido reconocido con la Menci\u00f3n de Excelencia de la Xunta de Galicia<\/p>\t\t\t\t\t\t\t\t<\/div>\n\t\t\t\t<\/div>\n\t\t\t\t\t<\/div>\n\t\t<\/div>\n\t\t\t\t\t<\/div>\n\t\t<\/section>\n\t\t<div class=\"elementor-element elementor-element-277a894 e-flex e-con-boxed e-con e-parent\" data-id=\"277a894\" data-element_type=\"container\">\n\t\t\t\t\t<div class=\"e-con-inner\">\n\t\t<div class=\"elementor-element elementor-element-4327b16 e-con-full e-flex e-con e-child\" data-id=\"4327b16\" data-element_type=\"container\">\n\t\t<div class=\"elementor-element elementor-element-494f675 e-con-full e-flex e-con e-child\" data-id=\"494f675\" data-element_type=\"container\">\n\t\t\t\t<div class=\"elementor-element elementor-element-7bbfd74 elementor-widget elementor-widget-text-editor\" data-id=\"7bbfd74\" data-element_type=\"widget\" data-widget_type=\"text-editor.default\">\n\t\t\t\t<div class=\"elementor-widget-container\">\n\t\t\t\t\t\t\t\t\t<p><span style=\"font-weight: 400;\">El M\u00e1ster en Computaci\u00f3n de Altas Prestaciones<\/span><span style=\"font-weight: 400;\"> (High Performance Computing) <\/span><span style=\"font-weight: 400;\">es interuniversitario, y como tal tiene dos centros de referencia donde se realizan sus actividades formativas de forma presencial, que son la Facultad de Inform\u00e1tica (FIC) de la UDC y la Escuela T\u00e9cnica Superior de Ingenier\u00eda (ETSE) de la USC. Ambos centros cuentan con un Sistema de Garant\u00eda Interna de Calidad (SGIC) certificado. Dado que la universidad coordinadora del m\u00e1ster es la UDC, en el caso del m\u00e1ster se usar\u00e1 el SGIC de la FIC.<\/span><\/p><p>\u00a0<\/p>\t\t\t\t\t\t\t\t<\/div>\n\t\t\t\t<\/div>\n\t\t\t\t<\/div>\n\t\t<div class=\"elementor-element elementor-element-1f8ad8b e-con-full e-flex e-con e-child\" data-id=\"1f8ad8b\" data-element_type=\"container\">\n\t\t\t\t<div class=\"elementor-element elementor-element-da565e9 elementor-widget elementor-widget-heading\" data-id=\"da565e9\" data-element_type=\"widget\" data-widget_type=\"heading.default\">\n\t\t\t\t<div class=\"elementor-widget-container\">\n\t\t\t\t\t<h2 class=\"elementor-heading-title elementor-size-default\">Documentaci\u00f3n del SGIC:<\/h2>\t\t\t\t<\/div>\n\t\t\t\t<\/div>\n\t\t\t\t<div class=\"elementor-element elementor-element-779dd30 elementor-widget elementor-widget-text-editor\" data-id=\"779dd30\" data-element_type=\"widget\" data-widget_type=\"text-editor.default\">\n\t\t\t\t<div class=\"elementor-widget-container\">\n\t\t\t\t\t\t\t\t\t<ul><li style=\"font-weight: 400;\" aria-level=\"1\"><a href=\"http:\/\/gac.udc.es\/~masterhpc\/calidad\/ManualSistemaGarantiaCalidad201307_firmado.pdf\"><span style=\"font-weight: 400;\">Manual<\/span><\/a><\/li><li style=\"font-weight: 400;\" aria-level=\"1\"><a href=\"http:\/\/gac.udc.es\/~masterhpc\/calidad\/ProcedimientosSGIC201510.pdf\"><span style=\"font-weight: 400;\">Procedimientos<\/span><\/a><\/li><li style=\"font-weight: 400;\" aria-level=\"1\"><a href=\"http:\/\/gac.udc.es\/~masterhpc\/calidad\/Fac_Informatica.pdf\"><span style=\"font-weight: 400;\">Informe final de evaluaci\u00f3n del dise\u00f1o<\/span><\/a><\/li><li style=\"font-weight: 400;\" aria-level=\"1\"><a href=\"http:\/\/gac.udc.es\/~masterhpc\/calidad\/Certificado_implantacion_informatica_2013.pdf\"><span style=\"font-weight: 400;\">Certificado de evaluaci\u00f3n positiva del dise\u00f1o<\/span><\/a><\/li><li style=\"font-weight: 400;\" aria-level=\"1\"><a href=\"http:\/\/gac.udc.es\/~masterhpc\/calidad\/IF_implantacion_informatica_2013.pdf\"><span style=\"font-weight: 400;\">Informe final de certificaci\u00f3n de implantaci\u00f3n<\/span><\/a><\/li><li style=\"font-weight: 400;\" aria-level=\"1\"><a href=\"http:\/\/gac.udc.es\/~masterhpc\/calidad\/certificado_fac.informatica.pdf\"><span style=\"font-weight: 400;\">Certificado de implantaci\u00f3n<\/span><\/a><\/li><li style=\"font-weight: 400;\" aria-level=\"1\"><a href=\"http:\/\/gac.udc.es\/~masterhpc\/calidad\/IFSeguimiento2017.pdf\"><span style=\"font-weight: 400;\">Informe de seguimiento<\/span><\/a><\/li><\/ul>\t\t\t\t\t\t\t\t<\/div>\n\t\t\t\t<\/div>\n\t\t\t\t<\/div>\n\t\t\t\t<\/div>\n\t\t\t\t\t<\/div>\n\t\t\t\t<\/div>\n\t\t\t\t<\/div>\n\t\t","protected":false},"excerpt":{"rendered":"<p>SISTEMA DE GARANT\u00cdAINTERNO DE CALIDAD El M\u00e1ster en Computaci\u00f3n de Altas Prestaciones (HPC) ha sido reconocido con la Menci\u00f3n de Excelencia de la Xunta de Galicia El M\u00e1ster en Computaci\u00f3n de Altas Prestaciones (High Performance Computing) es interuniversitario, y como tal tiene dos centros de referencia donde se realizan sus actividades formativas de forma presencial, &#8230; <a title=\"Sistema de Garant\u00eda Interno de Calidad\" class=\"read-more\" href=\"https:\/\/masterhpc.es\/index.php\/master-hpc\/sistema-de-garantia-interno-de-calidad\/\" aria-label=\"Leer m\u00e1s sobre Sistema de Garant\u00eda Interno de Calidad\">Leer m\u00e1s<\/a><\/p>\n","protected":false},"author":1,"featured_media":0,"parent":148,"menu_order":0,"comment_status":"closed","ping_status":"closed","template":"elementor_header_footer","meta":{"footnotes":""},"class_list":["post-443","page","type-page","status-publish"],"_links":{"self":[{"href":"https:\/\/masterhpc.es\/index.php\/wp-json\/wp\/v2\/pages\/443"}],"collection":[{"href":"https:\/\/masterhpc.es\/index.php\/wp-json\/wp\/v2\/pages"}],"about":[{"href":"https:\/\/masterhpc.es\/index.php\/wp-json\/wp\/v2\/types\/page"}],"author":[{"embeddable":true,"href":"https:\/\/masterhpc.es\/index.php\/wp-json\/wp\/v2\/users\/1"}],"replies":[{"embeddable":true,"href":"https:\/\/masterhpc.es\/index.php\/wp-json\/wp\/v2\/comments?post=443"}],"version-history":[{"count":9,"href":"https:\/\/masterhpc.es\/index.php\/wp-json\/wp\/v2\/pages\/443\/revisions"}],"predecessor-version":[{"id":883,"href":"https:\/\/masterhpc.es\/index.php\/wp-json\/wp\/v2\/pages\/443\/revisions\/883"}],"up":[{"embeddable":true,"href":"https:\/\/masterhpc.es\/index.php\/wp-json\/wp\/v2\/pages\/148"}],"wp:attachment":[{"href":"https:\/\/masterhpc.es\/index.php\/wp-json\/wp\/v2\/media?parent=443"}],"curies":[{"name":"wp","href":"https:\/\/api.w.org\/{rel}","templated":true}]}}